Let i be z(-6). Suppose -4*a + 55 = 5*n - 10*n, 2*n = i*a - 56. Calculate the highest common factor of a and 5.
5
Suppose -14*l + 10*l + 12 = 0. Let p = 27 - l. Calculate the greatest common factor of p and 6.
6
Let x = -118 + 256. Suppose 6*j - x = -18. Suppose -3*s + 0*s + 240 = 0. What is the greatest common divisor of j and s?
20
Let f = -19 + 11. Let x(c) = 6*c + 39. Let g(u) = 3*u + 19. Let s(i) = 5*g(i) - 3*x(i). Let y be s(f). What is the highest common divisor of y and 16?
2
Suppose -8*j - 27*j = -6720. Calculate the highest common factor of j and 54.
6
Let f be (-6)/4 - (-198)/(-12). Let b = -59 - f. Let d = 58 + b. Calculate the greatest common divisor of 17 and d.
17
Let o(d) = 23*d - 25. Let s be o(30). Suppose 0 = 4*w - 4*z - 1340, -3*w + 3*z = -w - s. Calculate the greatest common factor of w and 68.
68
Let i be (0 + 2)/((-24)/84) + 194 + -5. Calculate the greatest common factor of 962 and i.
26
Let k(w) = 2*w**2 - 59*w + 324. Let p be k(26). Calculate the highest common divisor of 2 and p.
2
Suppose -13*p = -11*p + o - 269, -4*p = -3*o - 513. Calculate the greatest common factor of p and 14.
2
Suppose 5*g + 199 = 9. Let w = 50 + g. Let t be (-229)/(-4) + 0 + (-3)/w. What is the greatest common factor of 38 and t?
19
Let q be (14 + 296/(-16))*-222. Calculate the greatest common divisor of q and 27.
27
Suppose 0 = -34785*d + 34774*d + 171534. Calculate the highest common divisor of 23 and d.
23
Let y be (16 - (106 - 26))/(2/(-33)). Calculate the highest common factor of y and 110.
22
Let i be -11 + (3 + 781)/4. What is the highest common factor of i and 148?
37
Let d(t) = -3*t**3 - t**2 - 4*t + 10. Let s be d(0). Calculate the greatest common divisor of 32 and s.
2
Let f(o) be the first derivative of -7*o + 7/2*o**2 + 4 + 1/3*o**3. Let j be f(-9). Calculate the highest common factor of j and 121.
11
Let r = 21 + -14. Let l = 510 - 233. Suppose -276*a = -l*a + 2. What is the greatest common divisor of r and a?
1
Let t be ((-32)/96)/((-1)/6) + 13. What is the greatest common divisor of t and 765?
15
Let q = 27923 - 23290. What is the highest common factor of 41 and q?
41
Suppose 5*p = -2*y + 1772, -3*p = 3*y - 1296 - 1371. Suppose -y*k = -894*k + 954. Calculate the greatest common factor of k and 6.
6
Let d(v) = -2*v**3 - 23*v**2 - 35*v - 50. Let p be d(-15). What is the greatest common divisor of 175 and p?
25
Let s = 496 + 582. What is the highest common divisor of 66 and s?
22
Suppose -3*h - 4*y = -88, -14*y - 52 = -2*h - 18*y. What is the highest common factor of h and 2124?
36
Let s(q) = q**2 + 2*q - 10. Let p(j) = -j + 3. Let c be p(8). Let d be s(c). Suppose d*m = 26 - 6. Calculate the highest common divisor of m and 2.
2
Suppose 5*t - 147 = s, 5*t + 4*s = -0*s + 137. Suppose 0 = -36*y + 72*y + 1656. Let o = t - y. Calculate the greatest common factor of o and 50.
25
Suppose 3*g + g + 2*t = 50, 2*g - 10 = -4*t. Let a(l) = -l**2 + 15*l + 7. Let x be a(g). What is the greatest common divisor of x and 91?
7
Let o = 155 - 150. Let y(b) = -3*b**2 - 76*b - 15. Let s be y(-22). Calculate the highest common divisor of o and s.
5
Suppose 0*m + 20 = 5*m. Let r = 6 + 14. Calculate the highest common divisor of m and r.
4
Let r be (-1 + 14 + 15)*1/2. Suppose -4*u + g + 12 = 0, 2*g = -u - 3*u + 24. What is the greatest common divisor of r and u?
2
Let j be (3/(7 - 10))/((-1)/3). Suppose -4*q = j*o - 4*o + 104, -4*o - q + 484 = 0. Calculate the greatest common factor of 45 and o.
15
Let u be (-654)/(-10) - 111/(-185). Suppose -u = -2*h + 24. What is the greatest common factor of 36 and h?
9
Suppose -1904*l - 135 = -1949*l. Let w = -13 + 26. Suppose -w = -l*j + 8. Calculate the highest common factor of 56 and j.
7
Suppose 3*l - 5*u = 5, l - 5*u - 4 = 1. Suppose l = -10*n + 13*n - 192. What is the highest common divisor of 48 and n?
16
Suppose -3524 = -39*h + 1897. Calculate the greatest common factor of 139 and h.
139
Let q(r) = r**3 + 14*r**2 + 6. Let u be q(-6). Suppose -10*v + 456 = -u. What is the highest common factor of 60 and v?
15
Suppose 6 = -o + 2*o. Suppose o*y = -2*n + y + 114, -3*n + 3*y + 213 = 0. Suppose n = i - 8. What is the greatest common factor of 15 and i?
15
Suppose 0 = 33*u - 757 + 229. Let h(f) = f**3 - 20*f**2 + 10*f - 144. Let o be h(20). Calculate the greatest common divisor of o and u.
8
Suppose -2*h - 1 + 7 = 0. Let w be (-18)/(-8) - h/12. Suppose 734 = 4*n + 2*m, 0 = -n - n + w*m + 370. What is the greatest common factor of 23 and n?
23
Suppose 2*u - 3*u = -51. Suppose 2*b - t - 8 = u, b = 5*t + 43. Let z = -10 + b. What is the highest common factor of z and 36?
18
Let u(m) = -19*m - 2. Let g be u(-2). Let s be (-19560)/(-978) - 16*1. Calculate the greatest common factor of g and s.
4
Let f be (-24)/14*8358/(-8). What is the highest common divisor of f and 90?
9
Suppose 26*n = 38 + 66. Suppose 0 = -10*h + 701 - 61. Calculate the highest common divisor of n and h.
4
Suppose -27*v - 192 = -35*v. Let l be 1/(-2)*(-4 - 8). Suppose -78 = -l*c + v. What is the greatest common divisor of 136 and c?
17
Suppose 0 = 2*o + o - 3*l - 96, -o + 5*l + 48 = 0. Suppose 99 + 21 = -6*j. Let v = o + j. Calculate the greatest common divisor of v and 4.
4
Let f(l) = -l**2 + 3*l + 10. Let g be 104/39*(-3)/(-2). Suppose 0 = -4*u - g*u + 32. Let w be f(u). What is the greatest common factor of 18 and w?
6
Let i be (-63 - 1)*(0 - 1). Suppose 5*l + 4*d = 988, -2*d - 397 = -2*l - 3*d. Suppose 0 = 17*z + 8*z - l. Calculate the highest common factor of z and i.
8
Let u = 808 - -4070. Calculate the greatest common divisor of u and 54.
18
Let k(d) be the first derivative of 10*d**3/3 + 13*d**2/2 - 9*d - 120. Let i be k(9). What is the highest common divisor of 34 and i?
34
Let m(p) = 52*p - 21. Let d(h) = 18*h - 7. Let i(v) = -17*d(v) + 6*m(v). Let a be i(2). Calculate the highest common divisor of 5 and a.
5
Suppose m - 12 = r, 2*m = -0*m - r + 18. Let p be (m/3)/(2/60). Let l(z) = -1806*z + 18070. Let o be l(10). What is the greatest common divisor of o and p?
10
Suppose -9*s = -s - 8. Let n be (-8 - (2 + 0))/(s/(-2)). What is the greatest common factor of n and 90?
10
Suppose -17*w - 31*w + 24*w = -19776. What is the greatest common factor of w and 176?
8
Suppose 862*h - 850*h = 36. Calculate the highest common divisor of 579 and h.
3
Let j(q) = -3*q**2 - 170*q + 218. Let i be j(-57). What is the greatest common divisor of 4991 and i?
161
Let a(d) = -2*d**2 - 25*d + 1278. Let i be a(0). What is the highest common factor of 360 and i?
18
Suppose -5*t - 289 = -2*h - 10*t, -2*h + 259 = -t. What is the greatest common factor of h and 14916?
132
Let h be 153/(-27)*(-11)/(-33)*-9. Suppose c - 92 = -4*b + 40, -148 = -4*b + 3*c. What is the highest common divisor of b and h?
17
Let v be (1/(-3) + 1)*(-189)/(-42). Let n be 1 - ((-1)/v)/(10/750). What is the greatest common factor of 4 and n?
2
Let i(c) = 50*c + 36. Let t(a) = 448*a + 322. Let j(o) = -28*i(o) + 3*t(o). Let s be j(-12). What is the highest common factor of 70 and s?
70
Let f = 21310 - 21305. What is the highest common factor of f and 163?
1
Suppose 10*o + u - 18 = 7*o, 2*u = 0. Let b = -146 - -260. What is the greatest common factor of b and o?
6
Suppose -5*m = y - 0 + 1, 0 = 2*y - 5*m + 2. Let j be (-221)/(-52)*(17 - (0 - y)). Calculate the greatest common factor of 85 and j.
17
Let v = -146 - -148. Suppose -4*u + 3*n - n = -178, 0 = 2*u + v*n - 98. Calculate the greatest common divisor of 2 and u.
2
Let f be (-123944)/(-18) + (-7)/(-63)*(0 + 2). What is the highest common divisor of 22 and f?
22
Suppose 4*x = 291 - 43. Let z = -55 + x. Let h = -79 + 114. What is the highest common factor of z and h?
7
Let t be (7 - (2 - -4))*3. Suppose 4*z - 2*r = 114, 0 = -0*z - 3*z - t*r + 90. Calculate the greatest common factor of 29 and z.
29
Let g be (17 + 3)*(-806)/(-4). Suppose 7*p - 1458 = g. Calculate the highest common divisor of 49 and p.
49
Suppose 8 = -z, 20*n - 4*z + 6898 = 25*n. Calculate the greatest common divisor of 468 and n.
18
Suppose 99245 - 173279 = -150*u + 93966. Calculate the greatest common factor of 784 and u.
112
Suppose 143*y = 15440 + 64640. Let c = 87 + -31. Calculate the highest common divisor of y and c.
56
Suppose -4*p - 104 = 4*w, 5*w = 19*p - 17*p + 24. L